r = 3*q + 2*r - 1. Suppose 3*o - f = q*f - 32, -5*f = 3*o + 14. List the prime factors of h(o).
7
Let y = -6 - -9. Suppose y*o + 5 = -2*o. What are the prime factors of 3/(4*o/(-28))?
3, 7
Let r = 40 + -35. Suppose -2*j - 690 = -r*h, -4*j + 2*j - 270 = -2*h. What are the prime factors of h?
2, 5, 7
Let w = 45 + -40. Suppose 0 = -5*i + 5*d + 755, -647 = -3*i - w*d - 218. List the prime factors of i.
2, 37
Suppose r - 87 = -0*r. Let g = -52 + r. List the prime factors of g.
5, 7
Let o(p) = -19*p**2 - 2*p + 7. Let a(x) = 19*x**2 + x - 7. Let m(q) = -2*a(q) - 3*o(q). What are the prime factors of m(2)?
7, 11
Suppose -5*o - 720 = 5*s, s + 129 - 5 = 4*o. What are the prime factors of 36/14*s/(-6)?
2, 3, 5
Let w be 32/(-18) - 4/18. Let j(o) be the third derivative of -o**6/30 - o**3/3 + 2*o**2. List the prime factors of j(w).
2, 3, 5
Suppose 9*b - 32 = -5. Suppose -3*a + 96 = b*d + a, -5*d + 3*a + 131 = 0. List the prime factors of d.
2, 7
Let g(n) = -n**3 - 9*n**2 + 11*n + 10. Let d be g(-9). Let h = 51 - d. Suppose h = 6*s - s. List the prime factors of s.
2, 7
Let x = 600 + 266. What are the prime factors of x?
2, 433
Suppose -67110 = -29*m - m. List the prime factors of m.
2237
Suppose 47*b = 25039 + 5276. What are the prime factors of b?
3, 5, 43
Let k be -2 - (1 + 4 + 2). Let m be 4 - -3*(-6)/k. Suppose -2*z = -m*z + 52. List the prime factors of z.
13
Let v(r) = -r. Let k(u) = -9*u + 5. Let c(p) = k(p) - 2*v(p). Let a be -7 - ((-2 - -2) + -2). What are the prime factors of c(a)?
2, 5
Suppose 7*y - y = -576. Let s = y + 244. List the prime factors of s.
2, 37
Let f(z) = -14 + 8 - 4*z + 7. List the prime factors of f(-10).
41
Suppose -5*k = -6717 - 19968. List the prime factors of k/63 - 6/(-21).
5, 17
Suppose -4*t = -9 - 15. Suppose 0 = t*h - h + 2*f - 425, -5*f = 0. What are the prime factors of h?
5, 17
Let p = 17 - 17. Suppose 5*u - 5*g - 405 = p, -5*u = -4*g - 358 - 45. What are the prime factors of u?
79
Let n = -1938 + 4676. What are the prime factors of n?
2, 37
What are the prime factors of 362 - (-15 + -8 - -11)?
2, 11, 17
Suppose 0 = -r - 0 - 17. Let j = r - -16. List the prime factors of 0/(-4) - (-26 + j).
3
Let l(d) = 3 + 15*d**2 - 14*d**2 - 8 + 3*d. List the prime factors of l(2).
5
List the prime factors of ((-15)/(300/8))/(3/(-9915)).
2, 661
Let z = -5 + 7. Suppose -z*w + 19 - 7 = 0. List the prime factors of (2/w)/(11/231).
7
Suppose 2*d = 5*x - 829, -x = x + 3*d - 324. What are the prime factors of x?
3, 5, 11
Let x = -102 - -90. What are the prime factors of (x + 12/4)/((-3)/44)?
2, 3, 11
Let o be ((-56)/(-70))/((-2)/(-110)) + 2. Let g = o - 17. What are the prime factors of g?
29
Let m be (88/5 - -1)/(22/(-110)). Suppose v = -5*w - 75, 18 = -0*w - 2*w + 2*v. What are the prime factors of m/(-7) - w/(-49)?
13
Let x(a) = a + 4. Let y = -30 + 25. Let u be x(y). List the prime factors of u*2 + 38 + 5.
41
Let b = 23 - 26. What are the prime factors of 3*(2 - 16/b)?
2, 11
Let j(u) = u**2. Let b(y) be the third derivative of y**6/120 + y**5/15 - 7*y**4/24 + y**3/2 + 7*y**2. Let s(w) = b(w) - 6*j(w). List the prime factors of s(5).
43
Let a(f) = -104*f + 57. What are the prime factors of a(-4)?
11, 43
Suppose -87*h = -62*h - 27725. What are the prime factors of h?
1109
Suppose -8*n + 426 = -118. Let c = 284 - n. What are the prime factors of c?
2, 3
Let m = -2501 - -4758. List the prime factors of m.
37, 61
Let u(j) = 23*j - 1. Let v be u(1). Let y = v + 132. List the prime factors of y.
2, 7, 11
Suppose -3*d = -3*a + 3915, 0 = a - 5*d + 134 - 1431. List the prime factors of a.
1307
Suppose -8*t + 18635 = -11293. What are the prime factors of t?
3, 29, 43
List the prime factors of (-3)/(-5) + 5097/5.
2, 3, 5, 17
Let j(a) = -a**3 + 10*a**2 - 6*a - 27. Let w be j(9). Suppose -5*p + 400 = -p - c, -p + 5*c + 100 = w. List the prime factors of p.
2, 5
Let b = -80 - -125. Suppose -4*t + b + 151 = 0. List the prime factors of t.
7
Suppose -5*d = -2*d + 3. List the prime factors of (-2 - -5) + d + 47.
7
Suppose 12*l = 8*l + 96. Suppose 3*u + l = -0*u. Let v(o) = o**2 + 6*o - 6. List the prime factors of v(u).
2, 5
Let i be ((-132)/(-36))/(1/144). Suppose -5*j - 4*y + 672 = -j, -3*j + i = -5*y. List the prime factors of j.
3, 19
Let l be 154/2 + (-3 - -4). Suppose 3*n - 3*f = l, 0*n + n - 4*f - 11 = 0. Let s = n + -22. What are the prime factors of s?
3
Suppose 4*c = 5*q + 45, 2*c + 6 = 3*q + 31. Suppose 4*h = 7 + c, -2*y - 5*h = -303. What are the prime factors of y?
2, 3
Let g = 657 - 541. Let i be (0 - 1)/((-1)/5). Suppose i*l - g = 4. List the prime factors of l.
2, 3
Let f(d) = d**3 + 4*d**2 + 4*d + 7. Let z be f(-3). List the prime factors of 4/(z/(-3)) - -102.
3, 11
Let j(f) = 8*f - 3. Let u be j(2). Suppose r + 0*r - u = 0. Suppose r = l - 22. What are the prime factors of l?
5, 7
Let y(t) = 12*t**2 + 13*t + 79. What are the prime factors of y(-12)?
13, 127
Let b = 17 - -5. What are the prime factors of (-4)/(-22) - 2/(b/(-1087))?
3, 11
Suppose -3*s + 83 + 51 = 5*u, 5*s - 115 = -4*u. Suppose 604 = -u*o + 29*o. List the prime factors of o.
151
Let s = 6 + -3. Let z(q) = 3*q**3 - q**2 - 3*q - 4. Let k be z(s). Suppose 2*o - k + 9 = 0. List the prime factors of o.
5
Suppose 98*j - 86*j - 14556 = 0. What are the prime factors of j?
1213
Suppose -5*i + 3*u + 1384 = u, 0 = -5*i - 3*u + 1374. What are the prime factors of i?
2, 3, 23
Let m be (-8)/20 - 262/(-5). Suppose b - 2*w = 17 - 4, -4*w - m = -4*b. What are the prime factors of b?
13
Suppose 21*x + 2001 = 19515. What are the prime factors of x?
2, 3, 139
Let x(r) = -73*r - 568. List the prime factors of x(-43).
3, 857
Suppose -5*j - 177 = -4*m, -7*m + 3*m + j = -157. Suppose -3*o = -5*k - 4*o + 73, -2*k + m = -4*o. Let t = k + 0. What are the prime factors of t?
3, 5
Let r = 23 + 0. Suppose -r*k = -24*k. Suppose 10 = x - k*x + 2*w, 2*x - 60 = 4*w. List the prime factors of x.
2, 5
Suppose 0 = p + 5, -2*p = 5*x - 3*p - 1240. What are the prime factors of x?
13, 19
Suppose b + 2*t = 4, 3*t = -4*b - t + 36. Suppose -b = -w - u + 11, 5*w - 140 = -2*u. What are the prime factors of w?
2, 3, 5
Suppose -2*v = -5*d + 1890, 0*d + 2*d - 750 = 2*v. Let k = d - 203. What are the prime factors of k?
3, 59
Let x(o) = o**3 + 11*o**2 - 3*o + 3. Let f be (-87)/8 + 9/(-72). List the prime factors of x(f).
2, 3
Suppose -2*f = -2*m - 24, 3*m + m + 8 = -f. Suppose f = -9*n + 5*n. List the prime factors of (-3 - n)/((-2)/76).
2, 19
Suppose f - 4*m + 4 = 0, -3*m = -0*m. Let v(k) = -3*k**3 - 4*k**2 + 3*k - 3. Let h be v(-4). List the prime factors of h/5 - f/10.
23
Let v = 233 - 418. Let b = v - -333. What are the prime factors of b?
2, 37
Suppose -5*p + 16978 = 3*k, 3*k + 27196 = 3*p + 5*p. List the prime factors of p.
2, 1699
What are the prime factors of (-7)/(-4) + (-336582)/(-184)?
1831
What are the prime factors of (36 - -2)/((-8)/(-124))?
19, 31
Let i = 1352 - -2015. What are the prime factors of i?
7, 13, 37
Suppose 3*z - 2*z = 3. Suppose 19 = 2*b + z*s, -2*b + 2*s - 4 = 2. Suppose -3*d - b*u + 27 = -2*d, -5*u = -4*d + 82. List the prime factors of d.
23
Let n(r) be the first derivative of 17*r**2 + 2*r + 81. Let p(b) = b**3 - 4*b**2 - 5*b + 1. Let k be p(5). List the prime factors of n(k).
2, 3
List the prime factors of (20/(-8))/((-6)/3060).
3, 5, 17
Let l(g) = 7*g - g + 4 + 4 - 5. Let n be l(-5). Let y = -20 - n. What are the prime factors of y?
7
Let a = -145 + 64. Let n = -41 - a. List the prime factors of n.
2, 5
Let v = 5 - -9. What are the prime factors of (15714/(-42))/(-3) - (-4)/v?
5
Suppose 0 = 16*z - 12822 - 31402. What are the prime factors of z?
2, 691
Suppose -4*a = -5*m - 13, 2*m - 3 + 16 = -a. Let b(l) = l**3 + 6*l**2 - 8*l - 4. List the prime factors of b(m).
61
Let u(s) = s**3 + 15*s**2 - 16*s + 21. Let v(f) = -3*f**2 + 3*f + 2. Let p be v(3). What are the prime factors of u(p)?
3, 7
Let r = -92 - -898. List the prime factors of r.
2, 13, 31
Suppose 439 = -6*n + 2161. List the prime factors of n.
7, 41
Suppose -4*z - s + 6*s + 7510 = 0, 0 = -4*s + 8. List the prime factors of z/190 - 2/(-19).
2, 5
Let i = 2835 - 992. What are the prime factors of i?
19, 97
Let r(i) be the first derivative of -i**4/2 - 5*i**3/3 - 3*i**2/2 - 4*i + 1. Let t be r(-3). List the prime factors of t/